d 665.
133
What is the greatest common factor of 358151 and 3155844?
643
Calculate the highest common divisor of 672 and 21264992.
224
What is the highest common divisor of 43992 and 2544?
24
Calculate the highest common divisor of 2628096 and 2183.
59
Calculate the greatest common divisor of 6540596 and 17361.
643
What is the highest common divisor of 1233004 and 43780?
796
Calculate the highest common divisor of 213851116 and 4777.
281
What is the highest common divisor of 3432561 and 23001?
1353
What is the greatest common factor of 1958827 and 2067?
689
What is the greatest common divisor of 17476885 and 20?
5
Calculate the greatest common divisor of 3182 and 178772715.
1591
What is the greatest common factor of 5248 and 4130432?
128
Calculate the greatest common divisor of 2523 and 52132749.
2523
Calculate the highest common factor of 2862 and 1299666.
318
What is the highest common divisor of 2051 and 53861311?
2051
What is the greatest common divisor of 1585312 and 323568?
1712
Calculate the highest common factor of 35293 and 390657.
1217
Calculate the greatest common factor of 1860792 and 30291.
69
What is the highest common factor of 102825 and 21135?
15
Calculate the greatest common factor of 1428 and 87330768.
1428
What is the highest common divisor of 18550021 and 2198?
1099
Calculate the greatest common divisor of 51555 and 289940.
35
What is the highest common factor of 32544 and 304422?
678
Calculate the highest common factor of 155736 and 301.
7
Calculate the greatest common divisor of 15664 and 126464.
16
Calculate the highest common divisor of 2050835 and 848.
53
Calculate the greatest common divisor of 406 and 198855146.
406
What is the highest common divisor of 833625 and 17499?
57
Calculate the greatest common divisor of 17 and 243471365.
17
Calculate the greatest common factor of 540 and 62262180.
180
What is the greatest common factor of 35390500 and 444?
148
Calculate the greatest common divisor of 7682 and 15954846.
334
What is the highest common factor of 174240 and 31520?
160
What is the greatest common divisor of 272784 and 36?
12
What is the highest common divisor of 501016 and 16?
8
What is the greatest common divisor of 216 and 3051?
27
Calculate the highest common divisor of 14312 and 183496.
8
Calculate the highest common divisor of 2926096800 and 480.
480
What is the greatest common factor of 49 and 9489?
1
What is the greatest common factor of 35702660 and 420?
140
Calculate the highest common factor of 600430 and 133085.
3095
Calculate the highest common divisor of 56536 and 5048.
8
Calculate the greatest common factor of 177215 and 73120450.
7705
What is the greatest common factor of 29773893 and 91371?
13053
Calculate the greatest common divisor of 512812650 and 3150.
1050
Calculate the highest common factor of 1007 and 296111.
53
Calculate the highest common factor of 363704 and 2464.
88
What is the highest common factor of 121782 and 432?
6
Calculate the highest common factor of 6357456 and 16.
16
Calculate the greatest common divisor of 1588635 and 7095.
645
What is the highest common divisor of 377495 and 423536?
103
Calculate the highest common divisor of 2115150 and 13623.
717
What is the greatest common divisor of 193722 and 1059?
3
Calculate the highest common factor of 119650 and 7255576.
4786
What is the highest common divisor of 5730875 and 152?
19
What is the greatest common divisor of 313 and 393239115?
313
What is the highest common factor of 2067 and 8358789?
159
Calculate the highest common factor of 4833 and 129759069.
537
Calculate the highest common divisor of 2191350 and 5550.
150
What is the highest common factor of 54 and 169152690?
6
What is the greatest common divisor of 166974 and 53278?
34
Calculate the highest common factor of 3672 and 639336.
408
What is the greatest common divisor of 57784 and 12442200?
1864
Calculate the highest common divisor of 32626 and 120912.
22
What is the greatest common divisor of 424316840 and 6200?
1240
Calculate the greatest common factor of 1630590 and 472905.
1695
What is the highest common divisor of 8593280 and 812?
116
What is the highest common factor of 3391244 and 4331?
71
Calculate the greatest common divisor of 5025 and 1494375.
75
Calculate the greatest common divisor of 392 and 3964744.
56
Calculate the highest common divisor of 17507375 and 1000.
125
Calculate the highest common factor of 2360 and 4498760.
40
Calculate the highest common divisor of 5860 and 12495864.
1172
What is the highest common divisor of 213813117 and 882?
441
Calculate the highest common divisor of 38 and 8006.
2
What is the highest common factor of 202241 and 517?
47
What is the highest common factor of 18079305 and 3210?
15
What is the highest common divisor of 10969260 and 120?
60
Calculate the greatest common factor of 132 and 2410972.
4
What is the greatest common factor of 3772 and 229795898?
1886
What is the greatest common divisor of 260131989 and 6968?
871
What is the greatest common factor of 17986 and 578?
34
What is the greatest common divisor of 22246 and 130979?
227
Calculate the highest common divisor of 7119 and 30093.
21
Calculate the highest common factor of 3864 and 16721621.
161
What is the greatest common factor of 4 and 25604258?
2
Calculate the highest common divisor of 414 and 54747918.
18
Calculate the highest common divisor of 2668 and 2899748.
92
Calculate the greatest common divisor of 320992 and 3556.
28
What is the greatest common divisor of 933921117 and 3?
3
What is the highest common factor of 5688 and 308952?
72
What is the greatest common divisor of 10 and 240571390?
10
Calculate the highest common divisor of 198 and 416526.
66
Calculate the greatest common factor of 104591412 and 342.
18
What is the highest common divisor of 44 and 3043106?
22
Calculate the highest common factor of 20196 and 24013.
11
Calculate the greatest common divisor of 371235478 and 155.
31
What is the highest common divisor of 56890066 and 304?
38
Calculate the greatest common factor of 721 and 601564187.
721
What is the highest common divisor of 1651572 and 754?
26
What is the greatest common factor of 399 and 9862041?
21
What is the highest common divisor of 77690116 and 7709?
593
What is the greatest common divisor of 33051 and 2069862?
69
Calculate the greatest common divisor of 3898774 and 22.
22
Calculate the greatest common factor of 10555110 and 6966.
162
What is the greatest common divisor of 550 and 10553675?
275
What is the highest common factor of 250716 and 258?
6
What is the greatest common divisor of 9989 and 514206?
7
What is the greatest common divisor of 1113 and 132083?
7
Calculate the highest common divisor of 105 and 1009449.
21
Calculate the greatest common factor of 17 and 74737542.
17
Calculate the greatest common divisor of 49944 and 40854.
6
Calculate the highest common factor of 186642 and 70002.
18
What is the greatest common factor of 1898 and 23140416?
1898
What is the greatest common factor of 26946732 and 12?
12
What is the greatest common factor of 9919 and 11743004?
91
Calculate the greatest common divisor of 236 and 263407742.
118
Calculate the highest common factor of 11184888 and 3300.
132
Calculate the greatest common factor of 15519776 and 8.
8
Calculate the highest common divisor of 291512 and 572.
52
Calculate the greatest common factor of 169619784 and 36.
12
Calculate the highest common factor of 8 and 7952370.
2
What is the highest common factor of 24211 and 15525854?
2201
Calculate the greatest common divisor of 16 and 20959096.
8
Calculate the greatest common factor of 283563 and 1242297.
441
Calculate the highest common factor of 29 and 4529322167.
29
Calculate the greatest common factor of 878 and 471719987.
439
What is the highest common factor of 3752576 and 6688?
608
What is the highest common factor of 19940197 and 609?
29
Calculate the greatest common divisor of 211134890 and 92506.
4022
Calculate the highest common factor of 87751272 and 1824.
456
What is the highest common divisor of 115259 and 10?
1
Calculate the highest common divisor of 514760 and 17990.
10
What is the greatest common factor of 24 and 26095736?
8
What is the highest common divisor of 3848 and 17637464?
104
What is the highest 